2
What is 15 - (-53 + -35 + 38 + 38)?
27
What is -19 - -22 - (9 - 6) - (91 + -10 - -24)?
-105
57 - (-16 - 86 - -32)
127
-11 - (-18 - 0) - (-53 - 26)
86
1 - 4 - (870 + -888) - (9 + 53)
-47
-9 - ((0 - 3 - 23) + 22 + 2 + -24)
17
What is 1 + -6 + 11 + -3 + 28 + (10 - -10)?
51
Calculate 10 + 58 + 27 + -8 + -21.
66
Calculate 38 + 0 + 2219 + -2210.
47
Calculate -13 + 26 + (41 - (-7 + 3 + -3)) + -10.
51
-4 + (-271 - -316 - (13 + -2))
30
What is the value of 4 + (-7 - 11 - -2) + -55?
-67
Evaluate -50 + -1 + (-38 - -53) - 92.
-128
What is the value of 6 + -93 + 17 + (-7 - -1) + -7?
-83
Evaluate 22 + (5 + 11 - 31) + -4.
3
2 + 4 - (3 + -52 - -39)
16
Calculate 6 + (-16 - (-11 - 12) - (-31 + 0)).
44
Calculate 53 + (-14 - 32 - -33).
40
Calculate -57 + 67 + (18 - 33).
-5
What is (20 - (-16 + 14)) + (-2 + 6 - (4 - 2))?
24
Evaluate -5847 + 5843 - (3 + -4 - -19).
-22
Calculate 45 - (-66 + 114) - (-51 + -5).
53
(-15 - -1) + (4 + -8 + -18 - -13 - 22)
-45
Calculate -15 - ((14 - (24 - -18)) + -11 + 0).
24
Evaluate -21 + 25 - 49 - -37.
-8
What is (-39 - -37) + -14 + 59?
43
What is the value of (44 + 3 - 49) + (1 - -16 - 3)?
12
-63 + 0 + 1 - ((2 + 21 - 15) + 0)
-70
Evaluate 0 - 0 - ((10 - -92 - -33) + (-5 - 9)).
-121
What is the value of 7 - (-30 + 53) - 59 - -5?
-70
Calculate -3 + (-24 - (-5 + -6)) - (81 - (10 + 6)).
-81
What is the value of -138 + 145 - (-1 + 2 + -4)?
10
Calculate 4 + 3 + -6 + 10 + 4 + -19.
-4
What is the value of -87 + 77 + (-12 - (-18 + -12) - -8)?
16
Calculate (3 - -13 - -11) + -30 - (-3 + -2).
2
75 - (6 + 93) - -30
6
What is -3 + 64 - (5 + 11 + 4 + 2 + -8)?
47
(-133 + 134 - (-2 + 2)) + (4 - 0)
5
(1 - ((-3 - -4) + -6)) + (-2933 - -2868)
-59
Calculate (-4 - ((1 - 0) + -5 + 1 + 4)) + 6.
1
Calculate -47 - (25 + -23 + (-6 - (-7 - -1)) + 4).
-53
Calculate 0 - 42 - (751 - 788).
-5
Calculate 19 + -11 - (18 + -8 + 1 + 9 + -9).
-3
(-1 - -56) + -2 - (-44 + -1 - -20 - -14)
64
Evaluate -1 + (22 - 18) + 11 - -19.
33
What is (287 - (156 - -82)) + (-2 - 62)?
-15
What is the value of (10 - (8 - -84)) + 12 - -31?
-39
Evaluate -117 - (-202 - (-68 - 43)).
-26
What is the value of 113 + 66 + -353 + 77?
-97
What is -114 + ((-21 - -26) + -10 - -3) - -13?
-103
Evaluate (-9 - (40 + (-31 - 18))) + (2 - -93 - 2).
93
Evaluate (12 - (-1 - -8)) + -6 - (20 - 23 - -15).
-13
Evaluate 20 - (-13 - -34) - (-2 + (-1 - -36)).
-34
What is ((-1 - 1) + 14 - -1) + (-562 - -543)?
-6
Calculate 74 + (-2 - 7 - (-14 + (10 + -33 - -25))).
77
What is the value of (35 - 51) + (-297 - -295 - (0 - (-2 - -1)))?
-19
0 + -11 - 1 - (146 + -288 - -195)
-65
What is 0 - -21 - ((-8 - 16) + 9 + 4)?
32
Calculate 17 - (18 + -16 + 12).
3
What is 0 + 2 - -10 - (-129 + 60 + 12)?
69
Evaluate -16 - -79 - (-3 + 0 + 9) - (3 - 8).
62
What is the value of 6 + (18 - 8) + 35 - 10?
41
Calculate 72 - 29 - -18 - 36.
25
What is -399 + 398 + (4 + -6 + -2 + 4 - -66)?
65
What is the value of -11 - -1 - (1 - (-2 + 4)) - (93026 - 93096)?
61
Calculate 3 + (13 - -5) + 325 + -308.
38
Calculate 3 - (17 + -3) - ((9 - 6) + -54).
40
What is 189 + -103 + -57 + 9?
38
What is the value of (3 + -5 + (-17 - -16) - (1 - -1)) + 59?
54
Calculate (-2 - -3) + -1 + (-24 - -21) + 5 + 41.
43
Evaluate (45 - (107 + -20)) + -6.
-48
Calculate (2 - -1 - (-24 - 3)) + 52 + (-116 - -55).
21
Calculate ((-12 + 27 - 24) + 35 - 13) + -40.
-27
What is the value of -28 + (37 - -6 - -8)?
23
What is the value of (-6 - -2) + (-3 - (3 + 22))?
-32
What is the value of -23 + -3 - (-59 + 121) - -30?
-58
Evaluate 53 + (-71 - -78) + -62.
-2
What is the value of ((-1 - 18) + 0 + 2 - (39 - 50)) + -55?
-61
(5 - -1) + -48 + 0 + 4 + -10
-48
What is 1110 - 1108 - (-17 - -1)?
18
Calculate -2 + (-41 - (83 + -67)).
-59
What is 11 - 2 - (-44 + 49 + 37)?
-33
What is the value of 19 + -60 - -1 - 0?
-40
Evaluate 1 + 12 + (2 - (82 + -41)).
-26
What is -12 - ((-6 + 3 - -6) + -1) - (-256 - -284)?
-42
Calculate 980 - 959 - (12 + 0 - -1).
8
(0 + 1 - 4) + 55 + -41 - (-60 - -62)
9
Evaluate -6 + (-5 - (46 - 7)) + -10.
-60
What is -1 + (0 - -29) + (20 - 12) + 2?
38
What is (72 - (0 - 0)) + (15 + 14 + -6 - 8)?
87
-147 - (-49 - (148 - 101))
-51
What is 40 + (-3 - 60) - 46?
-69
(-4 - -25) + -4 + (-8 - 13)
-4
Evaluate 1 + -4 + 24 + (357 - 341).
37
Evaluate -32 + (46 - 4) - (0 - 20).
30
(-67 - (1 - -38)) + 104
-2
(258 - 352) + (4 - (-3 + 6) - 4) + 0
-97
Evaluate -35 + (21 - -34) + -2.
18
Evaluate 90 - (38 + -37) - -2.
91
What is the value of (1 - -11) + (2113 - 2168)?
-43
What is the value of (6 - 1) + (-2790 - -2728)?
-57
-6 + (-34 - -55 - 11)
4
Evaluate 53 - ((17 - 1) + (-55 - -59)).
33
(10 - (15 + -28 + (-15 - -30))) + (12 - 2)
18
What is -1 - 24 - (-14 - -35) - -21?
-25
What is (-1044 - -1004) + -2 + 53?
11
What is the value of (-44 - -20) + 23 - (-1 + -54 + 3)?
51
Evaluate (-1 - -72) + (-447 - -448 - (4 - (-5 - 1))).
62
(16 - ((-2 - (2 + -9)) + 2)) + 14
23
Calculate 27 - (-12 - (-28 + 10 + 2)).
23
Calculate (-156 - -153 - (32 - 0)) + -4.
-39
What is (-3 - -40 - 9) + 1 + (42 - 39)?
32
-10 - (53 - (-1 + 14 + (202 - 208)))
-56
Evaluate 35 + -1 - -58 - 14.
78
What is the value of 652 + -669 - (-11 - 0)?
-6
Evaluate (-39 + 7 - -17) + 9 + -3 + 22.
13
What is the value of 7 + 6 + -12 + (-40 - -55)?
16
Evaluate (-4 - (-4 - 5)) + (-305 - -256).
-44
What is -171 + 168 + -2 + -4 + -29 + 2?
-36
Calculate (-3 + -22 - -1) + 8 + -17 + 2 + -7.
-38
Calculate 14 + -2 + -10 + -27 - 24.
-49
(43 + 3 - 20) + -94 + -15
-83
What is -45 + (7 + -2 - (93 + -90) - (3 - 3))?
-43
Evaluate -2 + -14 - (473 - 566) - (1 - (12 + 0)).
88
What is the value of 18 - 0 - (-1306 - -1290)?
34
What is -3 + (13 + 1 + 2 - 11) + -14 + 12?
0
-15 - (426 + -427 + -1 + 33)
-46
What is (-8 - (4 + -22 - 8)) + (-9 - 0) - -3?
12
(-5 - 87) + 50 + -1
-43
Calculate (61 - 55 - 57) + 2 + 3.
-46
What is the value of 2 + -1 + 214 + -401 + 186?
0
Evaluate 19 - (-45 + -7 + 7 + (12 - 4)).
56
What is 33 + (-76 + 56 - 6)?
7
What is the value of 0 - -3 - ((30 - 13) + -7 + -25 - -23)?
-5
Evaluate -9 - -51 - -79 - ((-5 - -3) + 14) - -2.
111
What is the value of (-23 + 43 - 11) + 4 - -62 - 7?
68
-11 + (64 + 2 - 17 - -15)
53
-40 + -32 + 12 + -11 + 10
-61
Calculate (-19 - 53) + 49 - (15 + -2).
-36
Evaluate 1 - 24 - (181 + -464 + 249).
11
3905 + -3898 + (-91 - ((2 - 2) + 0))
-84
What is -30 - (-6 - (11 - -14 - 51))?
-50
What is -25 + 30 + -18 + (5 - -12)?
4
-5 + 13 + -2 + -8 + -7 + 11 - 70
-68
What is (-43 - -63) + (-7 - 5) - (2 - -1)?
5
Evaluate (-4 - -4 - -17) + -1 + -1 + 12.
27
What is the value of -1 + 34 + (7 - 24) + (57 - 15) + -27?
31
What is the value of (25 - 65) + (9 - 14)?
-45
What is the value of -54 - (4 - -15 - 101)?
28
Evaluate 11 + -3 + (31 - 46 - -18).
11
Calculate -46 + -18 + 8 + 16 + 11.
-29
What is the value of 127 + -154 + 50 + 84?
107
-716 - -740 - (6 - 29)
47
-3 + 14 + (-18 + 17 - 3)
7
What is the value of (3 - (-12 - (-1 - 7))) + (-11 - -7 - -48)?
51
Calculate 31 + 40 + -12 + -67 - -35.
27
What is the value of (-26 - -43) + -19 + 22 + -6 + -1?
13
1 + (20 - (-4 + -18 + 13)) - (-4 - 1)
35
Evaluate -4091 - -4166 - (-51 - -1).
125
Evaluate 12 + ((2 - -3) + (-322 - -307) - (-1 + 27)).
-24
Evaluate 1 - (-104 - -5 - -30).
70
-59 + 0 - (155 - 66 - 104)
-44
What is the value of 93 + (-36 - 62) + 63?
58
What is the value of -17 - ((32 - 41) + 34)?
-42
Evaluate (13 - (57 + -51)) + 2 + 0.
9
-29 + (-3 - -11) - (-175 - -141)
13
What is the value of (-5 - 4) + (17 + -11 - 21) + (124 - 32)?
68
What is 84 + -30 + 11 + -47?
18
4 - -4 - ((1 - -2) + -36 + 34)
7
Evaluate 6 + -10 - -6 - -14 - (42 + -53).
27
Calculate 1 - (-21 - 26) - (113 - 93).
28
What is the value of 94 + -80 + -15 + 21?
20
Calculate -40 + 21 - (-6 + -40) - (2 + -17 - -1).
41
What is 7 + 80 - (68 - (46 + -2))?
63
What is the value of -3 - (-8 - (-41 + -5) - -12)?
-53
What is the value of (4 - (120 + -4)) + (0 - (-33 + 19))?
-98
What is the value of (23 - 26 - 38) + 68?
27
Calculate (-2470 - -2359) + -1 + 61.
-51
What is -177 + 89 - -86 - (1 + -39)?
36
8 - ((-8 - -6) + 14 + (7 - 19))
8
-9 + 38 + -6 + 3 + -21
5
Calculate (-24 - (-12 + -57)) + -41.
4
Evaluate -24 + -3 - 26 - (6 - (-12 + 3)).
-68
Calculate 89 + -46 + ((-1 + 0 - 0) + 6 - 1).
47
(0 - 5) + (-54 + -3 - -62) + -8
-8
0 + -1 + (-8 - -4) + 453 + -458
-10
-126 + 63 + 12 + (-3 - -3 - -6)
-45
What is the value of -55 + (45 - -30) + 14